{"id":2,"date":"2024-01-24T17:36:22","date_gmt":"2024-01-24T17:36:22","guid":{"rendered":"https:\/\/libertad.pe\/wp\/?page_id=2"},"modified":"2024-02-03T23:13:39","modified_gmt":"2024-02-03T23:13:39","slug":"sample-page","status":"publish","type":"page","link":"https:\/\/libertad.pe\/index.php\/sample-page\/","title":{"rendered":"Las mejores carreras de salud"},"content":{"rendered":"\r\n<p>Carreras T\u00e9cnico &#8211; Profesionales de 3 a\u00f1os de duraci\u00f3n, equivalentes a 6 periodos lectivos (6 semestres y\/o ciclos acad\u00e9micos); cuyos planes curriculares est\u00e1n estructurados con ENFOQUE POR COMPETENCIAS en tres M\u00d3DULOS independientes uno del otro con CERTIFICACI\u00d6N PROGRESIVA, al final de los cuales se obtiene el T\u00cdTULO PROFESIONAL T\u00c9CNICO\u00a0 a NOMBRE DE LA NACI\u00d3N:<\/p>\r\n<p>&nbsp;<\/p>\r\n\r\n\r\n\r\n<blockquote class=\"wp-block-quote is-layout-flow wp-block-quote-is-layout-flow\">\r\n<p style=\"text-align: left;\">ENFERMER\u00cdA T\u00c9CNICA:<\/p>\r\n<img decoding=\"async\" class=\"alignleft\" style=\"text-align: left;\" src=\"https:\/\/encrypted-tbn0.gstatic.com\/images?q=tbn:ANd9GcSXzTHI5A3t3M62_0NS8x2j4X4IX7FsdfpTSA&amp;usqp=CAU\" alt=\"studying Nursing in Australia\" \/>\r\n<p id=\"tw-target-text\" class=\"tw-data-text tw-text-large tw-ta\" dir=\"ltr\" style=\"text-align: left;\" data-placeholder=\"Translation\" data-ved=\"2ahUKEwie8r_tnpCEAxVEDrkGHdV4DbAQ3ewLegQIBRAQ\"><span class=\"Y2IQFc\" lang=\"es\">La enfermer\u00eda abarca la atenci\u00f3n aut\u00f3noma y colaborativa de personas de todas las edades, familias, grupos y comunidades, enfermos o sanos y en todos los entornos. La enfermer\u00eda incluye la promoci\u00f3n de la salud, la prevenci\u00f3n de enfermedades y el cuidado de personas enfermas, discapacitadas y en estado cr\u00edtico.<\/span><\/p>\r\n<\/blockquote>\r\n<p style=\"text-align: center;\"><a href=\"https:\/\/drive.google.com\/file\/d\/1tdWbQp6LPO39JrGZI0czCZ_lgPNxHDMr\/view?usp=sharing\" target=\"_blank\" rel=\"noopener\">Itenerario Formativo &#8211; Enfermer\u00eda T\u00e9cnica<\/a><\/p>\r\n\r\n\r\n\r\n<blockquote class=\"wp-block-quote is-layout-flow wp-block-quote-is-layout-flow\">\r\n<p style=\"text-align: left;\">T\u00c9CNICA EN FARMACIA:<\/p>\r\n<img loading=\"lazy\" decoding=\"async\" class=\"alignright\" style=\"text-align: left;\" src=\"https:\/\/www.1mg.com\/articles\/wp-content\/uploads\/2023\/09\/shutterstock_1866123394.jpg\" alt=\"World Pharmacists Day: 4 Lesser-Known Duties Of Pharmacists - Tata 1mg  Capsules\" width=\"186\" height=\"279\" \/>\r\n<p id=\"tw-target-text\" class=\"tw-data-text tw-text-large tw-ta\" dir=\"ltr\" style=\"text-align: left;\" data-placeholder=\"Translation\" data-ved=\"2ahUKEwie8r_tnpCEAxVEDrkGHdV4DbAQ3ewLegQIBRAQ\"><span class=\"Y2IQFc\" lang=\"es\">La farmacia es la ciencia y la pr\u00e1ctica de descubrir, producir, preparar, dispensar, revisar y monitorear medicamentos, con el objetivo de garantizar el uso seguro, eficaz y asequible de los medicamentos. Es una ciencia miscel\u00e1nea ya que vincula las ciencias de la salud con las ciencias farmac\u00e9uticas y las ciencias naturales.<\/span><\/p>\r\n<p style=\"text-align: center;\"><a href=\"https:\/\/drive.google.com\/file\/d\/1j2YE9dl5JaTiF21x5wH3LS5NkC-ifZWJ\/view?usp=sharing\" target=\"_blank\" rel=\"noopener\">Itenerario Formativo &#8211; T\u00e9cnica en Farmacia<\/a><\/p>\r\n<\/blockquote>\r\n\r\n\r\n\r\n<p>&nbsp;<\/p>\r\n<p>&nbsp;<\/p>\r\n<p>C\u00f3mo nuevo estudiante, debes ir a\u00a0 <a href=\"https:\/\/www.minedu.gob.pe\/superiortecnologica\/pdf\/catalogo\/actual\/servicios-profesionales-diversos\/actividades-atencion-salud-humana\/enfermeria-tecnica-publicado-el-05-04-18.pdf\" target=\"_blank\" rel=\"noopener\">MINEDU &#8211; Enfermer\u00eda T\u00e9cnica<\/a> y\/o\u00a0 <a href=\"https:\/\/www.minedu.gob.pe\/superiortecnologica\/pdf\/catalogo\/actual\/servicios-profesionales-diversos\/actividades-atencion-salud-humana\/farmacia-tecnica-publicado-el-05-04-18.pdf\" target=\"_blank\" rel=\"noopener\">MINEDU &#8211; T\u00e9cnica en Farmacia<\/a> para saber m\u00e1s acerca de estas carreras. Divi\u00e9rtete!<\/p>\r\n","protected":false},"excerpt":{"rendered":"<p>Carreras T\u00e9cnico &#8211; Profesionales de 3 a\u00f1os de duraci\u00f3n, equivalentes a 6 periodos lectivos (6 semestres y\/o ciclos acad\u00e9micos); cuyos planes curriculares est\u00e1n estructurados con ENFOQUE POR COMPETENCIAS en tres M\u00d3DULOS independientes uno del otro con CERTIFICACI\u00d6N PROGRESIVA, al final de los cuales se obtiene el T\u00cdTULO PROFESIONAL T\u00c9CNICO\u00a0 a NOMBRE DE LA NACI\u00d3N: &nbsp; [&hellip;]<\/p>\n","protected":false},"author":1,"featured_media":0,"parent":0,"menu_order":0,"comment_status":"closed","ping_status":"closed","template":"","meta":{"footnotes":""},"class_list":["post-2","page","type-page","status-publish","hentry"],"_links":{"self":[{"href":"https:\/\/libertad.pe\/index.php\/wp-json\/wp\/v2\/pages\/2","targetHints":{"allow":["GET"]}}],"collection":[{"href":"https:\/\/libertad.pe\/index.php\/wp-json\/wp\/v2\/pages"}],"about":[{"href":"https:\/\/libertad.pe\/index.php\/wp-json\/wp\/v2\/types\/page"}],"author":[{"embeddable":true,"href":"https:\/\/libertad.pe\/index.php\/wp-json\/wp\/v2\/users\/1"}],"replies":[{"embeddable":true,"href":"https:\/\/libertad.pe\/index.php\/wp-json\/wp\/v2\/comments?post=2"}],"version-history":[{"count":13,"href":"https:\/\/libertad.pe\/index.php\/wp-json\/wp\/v2\/pages\/2\/revisions"}],"predecessor-version":[{"id":50,"href":"https:\/\/libertad.pe\/index.php\/wp-json\/wp\/v2\/pages\/2\/revisions\/50"}],"wp:attachment":[{"href":"https:\/\/libertad.pe\/index.php\/wp-json\/wp\/v2\/media?parent=2"}],"curies":[{"name":"wp","href":"https:\/\/api.w.org\/{rel}","templated":true}]}}